{"id":1248,"date":"2025-06-02T12:51:56","date_gmt":"2025-06-02T10:51:56","guid":{"rendered":"https:\/\/espacemedical-julesferry.fr\/?page_id=1248"},"modified":"2025-06-02T12:59:47","modified_gmt":"2025-06-02T10:59:47","slug":"praticiens-ergotherapeute","status":"publish","type":"page","link":"https:\/\/espacemedical-julesferry.fr\/index.php\/praticiens-ergotherapeute\/","title":{"rendered":"Praticiens-ergoth\u00e9rapeute"},"content":{"rendered":"\t\t<div data-elementor-type=\"wp-page\" data-elementor-id=\"1248\" class=\"elementor elementor-1248\">\n\t\t\t\t<div class=\"elementor-element elementor-element-3de3309 e-flex e-con-boxed e-con e-parent\" data-id=\"3de3309\" data-element_type=\"container\" data-settings=\"{&quot;background_background&quot;:&quot;classic&quot;}\">\n\t\t\t\t\t<div class=\"e-con-inner\">\n\t\t<div class=\"elementor-element elementor-element-b7446d8 e-con-full e-flex e-con e-child\" data-id=\"b7446d8\" data-element_type=\"container\">\n\t\t<div class=\"elementor-element elementor-element-560683b e-con-full e-flex e-con e-child\" data-id=\"560683b\" data-element_type=\"container\">\n\t\t\t\t<div class=\"elementor-element elementor-element-4a93d95 animated-slow elementor-invisible elementor-widget elementor-widget-heading\" data-id=\"4a93d95\" data-element_type=\"widget\" data-settings=\"{&quot;_animation&quot;:&quot;fadeIn&quot;}\" data-widget_type=\"heading.default\">\n\t\t\t\t<div class=\"elementor-widget-container\">\n\t\t\t<h2 class=\"elementor-heading-title elementor-size-default\">Ergoth\u00e9rapeute<\/h2>\t\t<\/div>\n\t\t\t\t<\/div>\n\t\t\t\t<\/div>\n\t\t\t\t<\/div>\n\t\t\t\t\t<\/div>\n\t\t\t\t<\/div>\n\t\t<div class=\"elementor-element elementor-element-5daefe3 e-flex e-con-boxed e-con e-parent\" data-id=\"5daefe3\" data-element_type=\"container\">\n\t\t\t\t\t<div class=\"e-con-inner\">\n\t\t<div class=\"elementor-element elementor-element-8c5489b e-con-full e-flex e-con e-child\" data-id=\"8c5489b\" data-element_type=\"container\">\n\t\t\t\t<div class=\"elementor-element elementor-element-258201e elementor-widget elementor-widget-image\" data-id=\"258201e\" data-element_type=\"widget\" data-widget_type=\"image.default\">\n\t\t\t\t<div class=\"elementor-widget-container\">\n\t\t\t\t\t\t\t\t\t\t\t\t\t<img fetchpriority=\"high\" decoding=\"async\" width=\"588\" height=\"588\" src=\"https:\/\/espacemedical-julesferry.fr\/wp-content\/uploads\/2024\/10\/12-Espace-sante-jules-ferry.webp\" class=\"attachment-full size-full wp-image-757\" alt=\"\" srcset=\"https:\/\/espacemedical-julesferry.fr\/wp-content\/uploads\/2024\/10\/12-Espace-sante-jules-ferry.webp 588w, https:\/\/espacemedical-julesferry.fr\/wp-content\/uploads\/2024\/10\/12-Espace-sante-jules-ferry-300x300.webp 300w, https:\/\/espacemedical-julesferry.fr\/wp-content\/uploads\/2024\/10\/12-Espace-sante-jules-ferry-150x150.webp 150w\" sizes=\"(max-width: 588px) 100vw, 588px\" \/>\t\t\t\t\t\t\t\t\t\t\t\t\t<\/div>\n\t\t\t\t<\/div>\n\t\t\t\t<\/div>\n\t\t<div class=\"elementor-element elementor-element-25772f1 e-con-full e-flex e-con e-child\" data-id=\"25772f1\" data-element_type=\"container\">\n\t\t\t\t<div class=\"elementor-element elementor-element-713e46e elementor-widget elementor-widget-heading\" data-id=\"713e46e\" data-element_type=\"widget\" data-widget_type=\"heading.default\">\n\t\t\t\t<div class=\"elementor-widget-container\">\n\t\t\t<h2 class=\"elementor-heading-title elementor-size-default\">MONNIER C\u00e9line<\/h2>\t\t<\/div>\n\t\t\t\t<\/div>\n\t\t\t\t<div class=\"elementor-element elementor-element-7f09605 elementor-widget elementor-widget-text-editor\" data-id=\"7f09605\" data-element_type=\"widget\" data-widget_type=\"text-editor.default\">\n\t\t\t\t<div class=\"elementor-widget-container\">\n\t\t\t\t\t\t\t<p>Ergoth\u00e9rapeute<\/p>\t\t\t\t\t\t<\/div>\n\t\t\t\t<\/div>\n\t\t\t\t<div class=\"elementor-element elementor-element-c14989c elementor-widget elementor-widget-n-accordion\" data-id=\"c14989c\" data-element_type=\"widget\" data-settings=\"{&quot;default_state&quot;:&quot;all_collapsed&quot;,&quot;max_items_expended&quot;:&quot;one&quot;,&quot;n_accordion_animation_duration&quot;:{&quot;unit&quot;:&quot;ms&quot;,&quot;size&quot;:400,&quot;sizes&quot;:[]}}\" data-widget_type=\"nested-accordion.default\">\n\t\t\t\t<div class=\"elementor-widget-container\">\n\t\t\t\t\t<div class=\"e-n-accordion\" aria-label=\"Accordion. Open links with Enter or Space, close with Escape, and navigate with Arrow Keys\">\n\t\t\t\t\t\t<details id=\"e-n-accordion-item-2020\" class=\"e-n-accordion-item\" >\n\t\t\t\t<summary class=\"e-n-accordion-item-title\" data-accordion-index=\"1\" tabindex=\"0\" aria-expanded=\"false\" aria-controls=\"e-n-accordion-item-2020\" >\n\t\t\t\t\t<span class='e-n-accordion-item-title-header'><div class=\"e-n-accordion-item-title-text\"> Formations <\/div><\/span>\n\t\t\t\t\t\t\t<span class='e-n-accordion-item-title-icon'>\n\t\t\t<span class='e-opened' ><svg aria-hidden=\"true\" class=\"e-font-icon-svg e-fas-minus\" viewBox=\"0 0 448 512\" xmlns=\"http:\/\/www.w3.org\/2000\/svg\"><path d=\"M416 208H32c-17.67 0-32 14.33-32 32v32c0 17.67 14.33 32 32 32h384c17.67 0 32-14.33 32-32v-32c0-17.67-14.33-32-32-32z\"><\/path><\/svg><\/span>\n\t\t\t<span class='e-closed'><svg aria-hidden=\"true\" class=\"e-font-icon-svg e-fas-plus\" viewBox=\"0 0 448 512\" xmlns=\"http:\/\/www.w3.org\/2000\/svg\"><path d=\"M416 208H272V64c0-17.67-14.33-32-32-32h-32c-17.67 0-32 14.33-32 32v144H32c-17.67 0-32 14.33-32 32v32c0 17.67 14.33 32 32 32h144v144c0 17.67 14.33 32 32 32h32c17.67 0 32-14.33 32-32V304h144c17.67 0 32-14.33 32-32v-32c0-17.67-14.33-32-32-32z\"><\/path><\/svg><\/span>\n\t\t<\/span>\n\n\t\t\t\t\t\t<\/summary>\n\t\t\t\t<div role=\"region\" aria-labelledby=\"e-n-accordion-item-2020\" class=\"elementor-element elementor-element-0b9fcc1 e-con-full e-flex e-con e-child\" data-id=\"0b9fcc1\" data-element_type=\"container\">\n\t\t\t\t<div class=\"elementor-element elementor-element-82fa689 elementor-widget elementor-widget-text-editor\" data-id=\"82fa689\" data-element_type=\"widget\" data-widget_type=\"text-editor.default\">\n\t\t\t\t<div class=\"elementor-widget-container\">\n\t\t\t\t\t\t\t<p>&#8211; Positionnement et aides techniques<br \/>&#8211; Validation de fauteuil roulant \u00e9lectrique <br \/>&#8211; Troubles neuro d\u00e9veloppementaux <br \/>&#8211; Troubles de graphisme et d\u2019\u00e9criture <br \/>&#8211; Mat\u00e9riels p\u00e9dagogiques adapt\u00e9s (tablette, ordinateur)<br \/>&#8211; Troubles du Processus Sensoriel<br \/>&#8211; Troubles alimentaires en p\u00e9diatrie<br \/>&#8211; R\u00e9flexes archa\u00efques <br \/>&#8211; Ateliers Stimul\u2019ergo<br \/>&#8211; Monitrice de portage<br \/>&#8211; Vice pr\u00e9sidence de Plagio\u2019Asso<\/p>\t\t\t\t\t\t<\/div>\n\t\t\t\t<\/div>\n\t\t\t\t<\/div>\n\t\t\t\t\t<\/details>\n\t\t\t\t\t<\/div>\n\t\t\t\t<\/div>\n\t\t\t\t<\/div>\n\t\t<div class=\"elementor-element elementor-element-01d5aa1 e-con-full e-flex e-con e-child\" data-id=\"01d5aa1\" data-element_type=\"container\">\n\t\t<div class=\"elementor-element elementor-element-b8cde18 e-con-full e-flex e-con e-child\" data-id=\"b8cde18\" data-element_type=\"container\">\n\t\t\t\t<div class=\"elementor-element elementor-element-803af87 elementor-widget__width-initial elementor-widget elementor-widget-heading\" data-id=\"803af87\" data-element_type=\"widget\" data-widget_type=\"heading.default\">\n\t\t\t\t<div class=\"elementor-widget-container\">\n\t\t\t<h2 class=\"elementor-heading-title elementor-size-default\">Prise de rendez-vous :<\/h2>\t\t<\/div>\n\t\t\t\t<\/div>\n\t\t<div class=\"elementor-element elementor-element-242c883 e-con-full e-flex e-con e-child\" data-id=\"242c883\" data-element_type=\"container\">\n\t\t\t\t<div class=\"elementor-element elementor-element-518203e elementor-align-left elementor-widget elementor-widget-button\" data-id=\"518203e\" data-element_type=\"widget\" data-widget_type=\"button.default\">\n\t\t\t\t<div class=\"elementor-widget-container\">\n\t\t\t\t\t<div class=\"elementor-button-wrapper\">\n\t\t\t<a class=\"elementor-button elementor-button-link elementor-size-sm\" href=\"tel:+33772228517\">\n\t\t\t\t\t\t<span class=\"elementor-button-content-wrapper\">\n\t\t\t\t\t\t\t\t\t<span class=\"elementor-button-text\">07 72 22 85 17<\/span>\n\t\t\t\t\t<\/span>\n\t\t\t\t\t<\/a>\n\t\t<\/div>\n\t\t\t\t<\/div>\n\t\t\t\t<\/div>\n\t\t\t\t<\/div>\n\t\t\t\t<\/div>\n\t\t\t\t<\/div>\n\t\t<div class=\"elementor-element elementor-element-e86b993 e-con-full e-flex e-con e-child\" data-id=\"e86b993\" data-element_type=\"container\">\n\t\t\t\t<div class=\"elementor-element elementor-element-2a753b2 elementor-widget-mobile__width-initial elementor-widget elementor-widget-heading\" data-id=\"2a753b2\" data-element_type=\"widget\" data-widget_type=\"heading.default\">\n\t\t\t\t<div class=\"elementor-widget-container\">\n\t\t\t<h2 class=\"elementor-heading-title elementor-size-default\">Doctolib :<\/h2>\t\t<\/div>\n\t\t\t\t<\/div>\n\t\t<div class=\"elementor-element elementor-element-5c80773 e-con-full e-flex e-con e-child\" data-id=\"5c80773\" data-element_type=\"container\">\n\t\t\t\t<div class=\"elementor-element elementor-element-c387ad6 elementor-widget elementor-widget-button\" data-id=\"c387ad6\" data-element_type=\"widget\" data-widget_type=\"button.default\">\n\t\t\t\t<div class=\"elementor-widget-container\">\n\t\t\t\t\t<div class=\"elementor-button-wrapper\">\n\t\t\t<a class=\"elementor-button elementor-button-link elementor-size-sm\" href=\"https:\/\/www.doctolib.fr\/ergotherapeute\/douai\/celine-monnier-douai\">\n\t\t\t\t\t\t<span class=\"elementor-button-content-wrapper\">\n\t\t\t\t\t\t\t\t\t<span class=\"elementor-button-text\">Prendre rendez-vous<\/span>\n\t\t\t\t\t<\/span>\n\t\t\t\t\t<\/a>\n\t\t<\/div>\n\t\t\t\t<\/div>\n\t\t\t\t<\/div>\n\t\t\t\t<\/div>\n\t\t\t\t<\/div>\n\t\t\t\t<\/div>\n\t\t\t\t\t<\/div>\n\t\t\t\t<\/div>\n\t\t\t\t<\/div>\n\t\t","protected":false},"excerpt":{"rendered":"<p>Ergoth\u00e9rapeute MONNIER C\u00e9line Ergoth\u00e9rapeute Formations &#8211; Positionnement et aides techniques&#8211; Validation de fauteuil roulant \u00e9lectrique &#8211; Troubles neuro d\u00e9veloppementaux &#8211; [&hellip;]<\/p>\n","protected":false},"author":2,"featured_media":0,"parent":0,"menu_order":0,"comment_status":"closed","ping_status":"closed","template":"","meta":{"site-sidebar-layout":"no-sidebar","site-content-layout":"","ast-site-content-layout":"full-width-container","site-content-style":"default","site-sidebar-style":"default","ast-global-header-display":"","ast-banner-title-visibility":"","ast-main-header-display":"","ast-hfb-above-header-display":"","ast-hfb-below-header-display":"","ast-hfb-mobile-header-display":"","site-post-title":"disabled","ast-breadcrumbs-content":"","ast-featured-img":"disabled","footer-sml-layout":"","theme-transparent-header-meta":"","adv-header-id-meta":"","stick-header-meta":"","header-above-stick-meta":"","header-main-stick-meta":"","header-below-stick-meta":"","astra-migrate-meta-layouts":"default","ast-page-background-enabled":"default","ast-page-background-meta":{"desktop":{"background-color":"var(--ast-global-color-4)","background-image":"","background-repeat":"repeat","background-position":"center center","background-size":"auto","background-attachment":"scroll","background-type":"","background-media":"","overlay-type":"","overlay-color":"","overlay-opacity":"","overlay-gradient":""},"tablet":{"background-color":"","background-image":"","background-repeat":"repeat","background-position":"center center","background-size":"auto","background-attachment":"scroll","background-type":"","background-media":"","overlay-type":"","overlay-color":"","overlay-opacity":"","overlay-gradient":""},"mobile":{"background-color":"","background-image":"","background-repeat":"repeat","background-position":"center center","background-size":"auto","background-attachment":"scroll","background-type":"","background-media":"","overlay-type":"","overlay-color":"","overlay-opacity":"","overlay-gradient":""}},"ast-content-background-meta":{"desktop":{"background-color":"var(--ast-global-color-5)","background-image":"","background-repeat":"repeat","background-position":"center center","background-size":"auto","background-attachment":"scroll","background-type":"","background-media":"","overlay-type":"","overlay-color":"","overlay-opacity":"","overlay-gradient":""},"tablet":{"background-color":"var(--ast-global-color-5)","background-image":"","background-repeat":"repeat","background-position":"center center","background-size":"auto","background-attachment":"scroll","background-type":"","background-media":"","overlay-type":"","overlay-color":"","overlay-opacity":"","overlay-gradient":""},"mobile":{"background-color":"var(--ast-global-color-5)","background-image":"","background-repeat":"repeat","background-position":"center center","background-size":"auto","background-attachment":"scroll","background-type":"","background-media":"","overlay-type":"","overlay-color":"","overlay-opacity":"","overlay-gradient":""}},"footnotes":""},"class_list":["post-1248","page","type-page","status-publish","hentry"],"yoast_head":"<!-- This site is optimized with the Yoast SEO plugin v24.5 - https:\/\/yoast.com\/wordpress\/plugins\/seo\/ -->\n<title>Praticiens-ergoth\u00e9rapeute - Espace M\u00e9dical Jules Ferry<\/title>\n<meta name=\"robots\" content=\"index, follow, max-snippet:-1, max-image-preview:large, max-video-preview:-1\" \/>\n<link rel=\"canonical\" href=\"https:\/\/espacemedical-julesferry.fr\/index.php\/praticiens-ergotherapeute\/\" \/>\n<meta property=\"og:locale\" content=\"fr_FR\" \/>\n<meta property=\"og:type\" content=\"article\" \/>\n<meta property=\"og:title\" content=\"Praticiens-ergoth\u00e9rapeute - Espace M\u00e9dical Jules Ferry\" \/>\n<meta property=\"og:description\" content=\"Ergoth\u00e9rapeute MONNIER C\u00e9line Ergoth\u00e9rapeute Formations &#8211; Positionnement et aides techniques&#8211; Validation de fauteuil roulant \u00e9lectrique &#8211; Troubles neuro d\u00e9veloppementaux &#8211; [&hellip;]\" \/>\n<meta property=\"og:url\" content=\"https:\/\/espacemedical-julesferry.fr\/index.php\/praticiens-ergotherapeute\/\" \/>\n<meta property=\"og:site_name\" content=\"Espace M\u00e9dical Jules Ferry\" \/>\n<meta property=\"article:modified_time\" content=\"2025-06-02T10:59:47+00:00\" \/>\n<meta property=\"og:image\" content=\"https:\/\/espacemedical-julesferry.fr\/wp-content\/uploads\/2024\/10\/12-Espace-sante-jules-ferry.webp\" \/>\n\t<meta property=\"og:image:width\" content=\"588\" \/>\n\t<meta property=\"og:image:height\" content=\"588\" \/>\n\t<meta property=\"og:image:type\" content=\"image\/webp\" \/>\n<meta name=\"twitter:card\" content=\"summary_large_image\" \/>\n<meta name=\"twitter:label1\" content=\"Dur\u00e9e de lecture estim\u00e9e\" \/>\n\t<meta name=\"twitter:data1\" content=\"1 minute\" \/>\n<script type=\"application\/ld+json\" class=\"yoast-schema-graph\">{\"@context\":\"https:\/\/schema.org\",\"@graph\":[{\"@type\":\"WebPage\",\"@id\":\"https:\/\/espacemedical-julesferry.fr\/index.php\/praticiens-ergotherapeute\/\",\"url\":\"https:\/\/espacemedical-julesferry.fr\/index.php\/praticiens-ergotherapeute\/\",\"name\":\"Praticiens-ergoth\u00e9rapeute - Espace M\u00e9dical Jules Ferry\",\"isPartOf\":{\"@id\":\"https:\/\/espacemedical-julesferry.fr\/#website\"},\"primaryImageOfPage\":{\"@id\":\"https:\/\/espacemedical-julesferry.fr\/index.php\/praticiens-ergotherapeute\/#primaryimage\"},\"image\":{\"@id\":\"https:\/\/espacemedical-julesferry.fr\/index.php\/praticiens-ergotherapeute\/#primaryimage\"},\"thumbnailUrl\":\"https:\/\/espacemedical-julesferry.fr\/wp-content\/uploads\/2024\/10\/12-Espace-sante-jules-ferry.webp\",\"datePublished\":\"2025-06-02T10:51:56+00:00\",\"dateModified\":\"2025-06-02T10:59:47+00:00\",\"breadcrumb\":{\"@id\":\"https:\/\/espacemedical-julesferry.fr\/index.php\/praticiens-ergotherapeute\/#breadcrumb\"},\"inLanguage\":\"fr-FR\",\"potentialAction\":[{\"@type\":\"ReadAction\",\"target\":[\"https:\/\/espacemedical-julesferry.fr\/index.php\/praticiens-ergotherapeute\/\"]}]},{\"@type\":\"ImageObject\",\"inLanguage\":\"fr-FR\",\"@id\":\"https:\/\/espacemedical-julesferry.fr\/index.php\/praticiens-ergotherapeute\/#primaryimage\",\"url\":\"https:\/\/espacemedical-julesferry.fr\/wp-content\/uploads\/2024\/10\/12-Espace-sante-jules-ferry.webp\",\"contentUrl\":\"https:\/\/espacemedical-julesferry.fr\/wp-content\/uploads\/2024\/10\/12-Espace-sante-jules-ferry.webp\",\"width\":588,\"height\":588},{\"@type\":\"BreadcrumbList\",\"@id\":\"https:\/\/espacemedical-julesferry.fr\/index.php\/praticiens-ergotherapeute\/#breadcrumb\",\"itemListElement\":[{\"@type\":\"ListItem\",\"position\":1,\"name\":\"Accueil\",\"item\":\"https:\/\/espacemedical-julesferry.fr\/\"},{\"@type\":\"ListItem\",\"position\":2,\"name\":\"Praticiens-ergoth\u00e9rapeute\"}]},{\"@type\":\"WebSite\",\"@id\":\"https:\/\/espacemedical-julesferry.fr\/#website\",\"url\":\"https:\/\/espacemedical-julesferry.fr\/\",\"name\":\"Espace M\u00e9dical Jules Ferry\",\"description\":\"Votre sant\u00e9 au c\u0153ur de notre m\u00e9tier.\",\"potentialAction\":[{\"@type\":\"SearchAction\",\"target\":{\"@type\":\"EntryPoint\",\"urlTemplate\":\"https:\/\/espacemedical-julesferry.fr\/?s={search_term_string}\"},\"query-input\":{\"@type\":\"PropertyValueSpecification\",\"valueRequired\":true,\"valueName\":\"search_term_string\"}}],\"inLanguage\":\"fr-FR\"}]}<\/script>\n<!-- \/ Yoast SEO plugin. -->","yoast_head_json":{"title":"Praticiens-ergoth\u00e9rapeute - Espace M\u00e9dical Jules Ferry","robots":{"index":"index","follow":"follow","max-snippet":"max-snippet:-1","max-image-preview":"max-image-preview:large","max-video-preview":"max-video-preview:-1"},"canonical":"https:\/\/espacemedical-julesferry.fr\/index.php\/praticiens-ergotherapeute\/","og_locale":"fr_FR","og_type":"article","og_title":"Praticiens-ergoth\u00e9rapeute - Espace M\u00e9dical Jules Ferry","og_description":"Ergoth\u00e9rapeute MONNIER C\u00e9line Ergoth\u00e9rapeute Formations &#8211; Positionnement et aides techniques&#8211; Validation de fauteuil roulant \u00e9lectrique &#8211; Troubles neuro d\u00e9veloppementaux &#8211; [&hellip;]","og_url":"https:\/\/espacemedical-julesferry.fr\/index.php\/praticiens-ergotherapeute\/","og_site_name":"Espace M\u00e9dical Jules Ferry","article_modified_time":"2025-06-02T10:59:47+00:00","og_image":[{"width":588,"height":588,"url":"https:\/\/espacemedical-julesferry.fr\/wp-content\/uploads\/2024\/10\/12-Espace-sante-jules-ferry.webp","type":"image\/webp"}],"twitter_card":"summary_large_image","twitter_misc":{"Dur\u00e9e de lecture estim\u00e9e":"1 minute"},"schema":{"@context":"https:\/\/schema.org","@graph":[{"@type":"WebPage","@id":"https:\/\/espacemedical-julesferry.fr\/index.php\/praticiens-ergotherapeute\/","url":"https:\/\/espacemedical-julesferry.fr\/index.php\/praticiens-ergotherapeute\/","name":"Praticiens-ergoth\u00e9rapeute - Espace M\u00e9dical Jules Ferry","isPartOf":{"@id":"https:\/\/espacemedical-julesferry.fr\/#website"},"primaryImageOfPage":{"@id":"https:\/\/espacemedical-julesferry.fr\/index.php\/praticiens-ergotherapeute\/#primaryimage"},"image":{"@id":"https:\/\/espacemedical-julesferry.fr\/index.php\/praticiens-ergotherapeute\/#primaryimage"},"thumbnailUrl":"https:\/\/espacemedical-julesferry.fr\/wp-content\/uploads\/2024\/10\/12-Espace-sante-jules-ferry.webp","datePublished":"2025-06-02T10:51:56+00:00","dateModified":"2025-06-02T10:59:47+00:00","breadcrumb":{"@id":"https:\/\/espacemedical-julesferry.fr\/index.php\/praticiens-ergotherapeute\/#breadcrumb"},"inLanguage":"fr-FR","potentialAction":[{"@type":"ReadAction","target":["https:\/\/espacemedical-julesferry.fr\/index.php\/praticiens-ergotherapeute\/"]}]},{"@type":"ImageObject","inLanguage":"fr-FR","@id":"https:\/\/espacemedical-julesferry.fr\/index.php\/praticiens-ergotherapeute\/#primaryimage","url":"https:\/\/espacemedical-julesferry.fr\/wp-content\/uploads\/2024\/10\/12-Espace-sante-jules-ferry.webp","contentUrl":"https:\/\/espacemedical-julesferry.fr\/wp-content\/uploads\/2024\/10\/12-Espace-sante-jules-ferry.webp","width":588,"height":588},{"@type":"BreadcrumbList","@id":"https:\/\/espacemedical-julesferry.fr\/index.php\/praticiens-ergotherapeute\/#breadcrumb","itemListElement":[{"@type":"ListItem","position":1,"name":"Accueil","item":"https:\/\/espacemedical-julesferry.fr\/"},{"@type":"ListItem","position":2,"name":"Praticiens-ergoth\u00e9rapeute"}]},{"@type":"WebSite","@id":"https:\/\/espacemedical-julesferry.fr\/#website","url":"https:\/\/espacemedical-julesferry.fr\/","name":"Espace M\u00e9dical Jules Ferry","description":"Votre sant\u00e9 au c\u0153ur de notre m\u00e9tier.","potentialAction":[{"@type":"SearchAction","target":{"@type":"EntryPoint","urlTemplate":"https:\/\/espacemedical-julesferry.fr\/?s={search_term_string}"},"query-input":{"@type":"PropertyValueSpecification","valueRequired":true,"valueName":"search_term_string"}}],"inLanguage":"fr-FR"}]}},"_links":{"self":[{"href":"https:\/\/espacemedical-julesferry.fr\/index.php\/wp-json\/wp\/v2\/pages\/1248","targetHints":{"allow":["GET"]}}],"collection":[{"href":"https:\/\/espacemedical-julesferry.fr\/index.php\/wp-json\/wp\/v2\/pages"}],"about":[{"href":"https:\/\/espacemedical-julesferry.fr\/index.php\/wp-json\/wp\/v2\/types\/page"}],"author":[{"embeddable":true,"href":"https:\/\/espacemedical-julesferry.fr\/index.php\/wp-json\/wp\/v2\/users\/2"}],"replies":[{"embeddable":true,"href":"https:\/\/espacemedical-julesferry.fr\/index.php\/wp-json\/wp\/v2\/comments?post=1248"}],"version-history":[{"count":12,"href":"https:\/\/espacemedical-julesferry.fr\/index.php\/wp-json\/wp\/v2\/pages\/1248\/revisions"}],"predecessor-version":[{"id":1293,"href":"https:\/\/espacemedical-julesferry.fr\/index.php\/wp-json\/wp\/v2\/pages\/1248\/revisions\/1293"}],"wp:attachment":[{"href":"https:\/\/espacemedical-julesferry.fr\/index.php\/wp-json\/wp\/v2\/media?parent=1248"}],"curies":[{"name":"wp","href":"https:\/\/api.w.org\/{rel}","templated":true}]}}